5*a**2 - 4 + 5 + a**3. List the prime factors of r(-4).
2, 3
Suppose -14*w + 923 = -351. What are the prime factors of w?
7, 13
Suppose -s = 5*q - 18, -4*s = -7*s + 4*q + 92. What are the prime factors of s?
2, 7
Let b(n) = n**2 + 3*n + 3. Let z be b(-3). Suppose -3*t - 27 = -3*i, 4*i + 9 = 2*t + 35. Suppose -k + 3*p = -z, 3*k - 25 = p + i*p. List the prime factors of k.
3, 5
Let i(l) = 0 - 5*l + 0 - 4 + 0 + 2*l**2. List the prime factors of i(5).
3, 7
What are the prime factors of (2/(8/52))/(1 + 0)?
13
Let b = 5 + -5. Suppose -2*q = 2*x - 44, 5*x - 25 = -b*x. List the prime factors of q.
17
Suppose 0 = -5*c + c + 5*i - 13, 2*i - 8 = 3*c. Let n be (2/5)/(c/(-20)). What are the prime factors of 40/15*6/n?
2
Suppose -c - 3 = 0, -5*c = a - 2*a + 14. Let b be (-23)/(-2) - a/2. Let m = -6 + b. What are the prime factors of m?
2, 3
Let t = 202 - 137. Suppose -s + t = 4*s. What are the prime factors of s?
13
Let z(w) = w**2 + w + 2. Let c be z(0). Suppose 0 = c*n + 3*k - 39, -8 = -k - 3. List the prime factors of n.
2, 3
Let y = 6 + -5. Let a = 13 + y. What are the prime factors of a?
2, 7
Let y be (-2)/9 - (-173)/9. Suppose -5*b + 1 = -2*x - y, -5*x = 3*b + 19. Suppose 2*j + 0 = -b, 17 = 2*g - j. List the prime factors of g.
2
Suppose 75 = 2*b - 47. What are the prime factors of b?
61
List the prime factors of 4/8*(147 + 1).
2, 37
Let o be 0 - (0 + -18 + -2). Suppose 0 = -q + 5*q - o. Suppose -q*b = m - 22, 5*b - 3 + 16 = 4*m. What are the prime factors of m?
7
Suppose -3*v + 4*b + 1 = 0, b - 1 = v - b. Let d(k) = k**2 + 4*k. Let w be d(-5). Suppose 0*m + 1 = m + h, -v*h - w = m. List the prime factors of m.
2
Suppose 0*f + 3*u = 4*f - 30, -f - 2*u = -13. Let c = f + -4. List the prime factors of c - 0 - 0/2.
5
List the prime factors of 78*(-28)/(-8) + -5.
2, 67
Suppose -4*j - 20 = j + w, 4*w = 3*j - 11. Let l(z) = -5*z - 6. List the prime factors of l(j).
3
Let k = -9 - -13. Suppose h + k = 6. What are the prime factors of h?
2
Suppose -4*n = p - 30, -n + 0*p + 14 = -3*p. Let t = n + 2. List the prime factors of t.
2, 5
Let d(j) = -j**2 - 5*j + 3. Let k be d(-4). Let m = k + 7. What are the prime factors of m?
2, 7
Let k(w) be the third derivative of w**5/30 + w**4/12 + w**3/2 - w**2. List the prime factors of k(-3).
3, 5
Let k = 57 + -22. List the prime factors of k.
5, 7
Suppose -9 = 4*r - 25. Suppose 0 = -3*i - 2*j + 3 - 4, j - r = -3*i. Suppose i*s + 5*a = 3*a + 18, 6 = s + 3*a. List the prime factors of s.
2, 3
Suppose 3*h - 15 = -2*h - 5*a, 2*h + 2 = 2*a. What are the prime factors of h*11 - (-2 + 0)?
13
Let c be 7*((-2)/2 + 0). Let p = c + 10. What are the prime factors of p?
3
Let v = 49 - -9. Suppose w = 3*w - v. Suppose -w - 19 = -4*b. What are the prime factors of b?
2, 3
Let i(y) = y**2 + 3*y + 3. Suppose 2*v + 6 = -3*p, 0 = 4*p - v - 4*v + 31. Let u = p + 1. List the prime factors of i(u).
3
Let k(g) = -8*g - 15. Let r(y) = y + 1. Let j(t) = k(t) + 5*r(t). Let x be j(-8). Let f = x - 2. List the prime factors of f.
2, 3
Suppose -5*w + 4*j = j - 46, -j = -5*w + 42. Let i be (-113)/(-4) - 2/w. Suppose 3*a + a = i. What are the prime factors of a?
7
Suppose 0 = 4*a + 3*x - 0*x + 39, 2*a + 27 = x. Let k = a - -37. Let d = 44 - k. List the prime factors of d.
19
Suppose 3 = 3*i - j, i - 4*i = -2*j - 6. Suppose i = 5*t + 45 - 260. List the prime factors of t.
43
Suppose 4*y - 31 = -5*k, -4*y + 5*k - 11 = -3*y. Suppose 3*n + d - 17 = 2, 0 = y*n + 5*d - 7. What are the prime factors of n?
2
Let r(p) = 2*p + 2*p - 3*p. Let h be r(2). Suppose -h*g - 6 = -14. List the prime factors of g.
2
Suppose -2*f + 25 = -3*f. Let n be ((-4)/(-10))/((-5)/f). Suppose -y - 4*u = -n*y + 15, 3*u + 9 = 0. List the prime factors of y.
3
Let i(g) = -g**2. Let u be i(3). Let y(b) = -b**2 - 9*b. Let c be y(u). Suppose c*f = -5*f + 25. What are the prime factors of f?
5
Let z(q) = -8*q**3 + q + 1. Let c(v) = v**2 + 4*v - 6. Let w be c(-5). List the prime factors of z(w).
2
Suppose 0 = n - 6 + 2. Suppose -8 = 3*o + w - 3*w, -w = 4*o - n. Suppose o = -2*k - 3*k + 25. List the prime factors of k.
5
Let g be 1 + 0 + -3 - -7. Suppose 0 = -3*f - g*a + 24 + 11, -2*a = -4*f + 12. What are the prime factors of f?
5
Suppose 5*l - 11 = -1. What are the prime factors of (5/l)/(2/4)?
5
Let g(q) = q**2 + 4*q + 2. Let m be g(-2). Let u(o) be the second derivative of -o**5/20 - o**2 - o. What are the prime factors of u(m)?
2, 3
Suppose j = 6*j - 20. List the prime factors of 11 - (0/j - 2).
13
Let s(a) = -a**3 + 8*a**2. Let o be s(8). Let y = o + 2. Suppose -y*w - w = -12. What are the prime factors of w?
2
Let z(c) = 23*c + 3. List the prime factors of z(3).
2, 3
Let o = 153 - 84. What are the prime factors of o?
3, 23
Let q(n) = n + 5. Let k be q(-7). Suppose 5*v - 67 = -3*m, 3*v - 20 = -5*m + 33. Let y = k + v. List the prime factors of y.
3
Let m(p) = -2*p**2 + 14*p + 2. Let t be m(6). Suppose 17 + 10 = 3*i - u, 2*u + t = 2*i. List the prime factors of i.
2, 5
Let q be (2/2 - 70) + -3. Let j = -39 - q. What are the prime factors of j?
3, 11
Suppose 0 = -n + 5*m + 60, 2*n + 3*m = 4*m + 120. List the prime factors of n.
2, 3, 5
Suppose -8 = 2*c - 4*b, 4*b - 26 = -2*c + 6. Suppose c*z - 9*z + 117 = 0. List the prime factors of z.
3, 13
Suppose 0 = -12*i + 10*i. What are the prime factors of i + -1 - 517/(-11)?
2, 23
List the prime factors of -3 + (-1 - 0) + 59.
5, 11
Let q(x) = 15*x + 1. Let z be q(1). Let o = 7 + -2. Suppose -o*b + z = -b. What are the prime factors of b?
2
Let k be 2 + 10 - 2*2. Let x = k - -19. List the prime factors of x.
3
List the prime factors of (-46 - 0)/((-4)/14).
7, 23
Let c(g) = g**2 + 4*g - 5. Let h be c(-4). Let v = 8 + h. Suppose 0*f + 4*t - 11 = -f, v*t = f - 4. List the prime factors of f.
7
Let s = 128 + -71. List the prime factors of s.
3, 19
Let a = 10 + -17. Let d(v) be the second derivative of -v**3/3 - v**2 + 2*v. What are the prime factors of d(a)?
2, 3
Suppose 0 = -3*l + l + 6. Suppose 5*m = l*m + 50. Suppose 3*g + 2*b = 31, g + m = 4*g - b. What are the prime factors of g?
3
Suppose 3*t - x - 10 - 114 = 0, 152 = 4*t - 4*x. What are the prime factors of t?
43
Suppose -6*b + b = -140. Let v = b + -20. What are the prime factors of v?
2
Let x = -69 - -73. Let f(g) = g - 1. Let i(l) = 5*l - 4. Let p(q) = 6*f(q) - i(q). List the prime factors of p(x).
2
Let o(s) = -4*s + 5. Let q(n) = 4*n - 6. Let i(v) = -6*o(v) - 5*q(v). What are the prime factors of i(1)?
2
Let i = -11 + 13. Let m(n) = -n**3 + n. Let x be m(i). List the prime factors of 49/4 - x/(-24).
2, 3
Let w(x) = 4*x**2 - x + 1. Let k be w(1). Suppose -k*y - 4*a + 90 = -2*a, 100 = 5*y + 5*a. Let d = 39 - y. What are the prime factors of d?
2, 7
Let d(f) = 0*f - f + f**2 + 0*f**2 - 2 - 2. What are the prime factors of d(4)?
2
Let d(b) = b**3 + 9*b**2 - 23*b - 21. What are the prime factors of d(-10)?
109
Let h = 458 - 258. List the prime factors of h.
2, 5
Let w be 0/(2*(-2)/4). Suppose i - 2*i + 9 = w. List the prime factors of i.
3
Let n(g) = 4*g**2 - 6*g - 1. Let q(p) = -3*p**2 + 6*p + 1. Let m(i) = -4*n(i) - 5*q(i). List the prime factors of m(-3).
2
List the prime factors of 1676/9 - 8/36.
2, 3, 31
Suppose -721 = -11*n + 775. List the prime factors of n.
2, 17
Suppose -8*j + 114 = -5*j. Suppose d - 3*t = -t + 12, 3*d - j = 4*t. List the prime factors of d.
2, 7
Let a = -2 + -4. Let x(k) = -k**3 - 6*k**2 + k - 3. Let o be x(a). Let q = 17 + o. What are the prime factors of q?
2
Suppose 4 = -4*u, 4*g - 2*u + 12 + 10 = 0. Let s = g + 14. What are the prime factors of s?
2
Let g(t) = -t**2 + t + 14. Let o be (-4)/6 + 12/18. List the prime factors of g(o).
2, 7
Suppose 3*r + r - 40 = 0. Suppose -3 - 17 = -5*i. Suppose i + r = 2*x. What are the prime factors of x?
7
Suppose -9*v = -4*v - 50. List the prime factors of v.
2, 5
Suppose 5*s + 35 = 2*c, 79 = 4*c + 2*s - 3*s. What are the prime factors of c?
2, 5
Let t(g) = 2*g - 1. Let y be t(-2). Let p = y - -8. What are the prime factors of p?
3
Let m be 1 - 98 - (7 - 6). Let f be m/(-21) - (-2)/6. Suppose 2*l + 57 = 5*q, 3*q + f = -3*l + 56. What are the prime factors of q?
13
Let d(u) = -u**3 + 18*u**2 - 6*u - 4. List the prime factors of d(17).
3, 61
Suppose -4*w + 693 = -y, 2*w = -y + 234 + 105. List the prime factors of w.
2, 43
Let